ulate r(2).
0
Let s(z) = z**3 - 9*z**2 + 9*z + 6. Determine s(7).
-29
Let b(g) = -7*g + 7. Determine b(2).
-7
Let n(t) = t**3 - 5*t**2 + 4*t + 4. What is n(4)?
4
Let b(s) = s**2 - 3. Calculate b(-2).
1
Let i(b) = b + 6. What is i(-9)?
-3
Let w(o) = o**2 - 7*o + 10. Give w(7).
10
Let i(y) = 4*y + 104. Give i(-29).
-12
Let k(g) = 3*g + 26. Calculate k(-13).
-13
Let t(k) = 19*k + 33. Calculate t(-11).
-176
Let a(m) = m**2 - 13*m + 37. Give a(6).
-5
Let p(h) = h**2 + 22*h + 116. Determine p(-22).
116
Let u(z) = -30*z**3 - 2*z**2 + 1. Calculate u(1).
-31
Let s(b) = -120*b + 1317. What is s(11)?
-3
Let h(a) = a**2 - 15*a - 13. Calculate h(16).
3
Let h(a) = -15*a - 90. Give h(-8).
30
Let n(d) = -d**2 + 4*d - 6. Give n(3).
-3
Let w(t) = t**2 - 5*t - 7. Give w(-10).
143
Let d(n) = 101*n - 580. Give d(6).
26
Let z(f) = -f**3 + 12*f**2 + f + 11. Determine z(12).
23
Let l(i) = -8*i - 374. Give l(-46).
-6
Let c(p) = p**3 + 3*p**2 - 4*p - 6. Determine c(-3).
6
Let w(r) = 48*r - 1. Determine w(-1).
-49
Let g(r) = 82*r - 406. Calculate g(5).
4
Let g(l) = -l**2 - l + 4. Determine g(0).
4
Let t(a) = a**2 + 12*a + 18. What is t(-10)?
-2
Let r(n) = -n**3 + 14*n**2 - 14*n + 9. What is r(13)?
-4
Let o(c) = -c**2 - 2*c - 3. Give o(-3).
-6
Let w(i) = -5*i + 8. Determine w(6).
-22
Let p(d) = 11*d + 18. Determine p(0).
18
Let t(n) = n - 19. What is t(13)?
-6
Let x(a) = 19*a**2 + 4*a + 3. Determine x(-1).
18
Let v(f) = f**3 - 5*f**2 - 3*f + 9. What is v(-3)?
-54
Let q(i) = i**2 - 4*i - 22. Determine q(7).
-1
Let c(m) = m**2 - 14*m - 5. Calculate c(16).
27
Let w(s) = s**3 - 34*s**2 + 33*s + 4. Give w(33).
4
Let t(d) = -4*d**2 - 39*d + 12. Determine t(-10).
2
Let l(h) = 4*h - 49. Give l(13).
3
Let u(h) = -4*h + 61. Determine u(12).
13
Let c(j) = -j**2 + 15*j + 15. Calculate c(15).
15
Let q(u) = u**2 - 5*u - 20. Give q(9).
16
Let m(k) = 151*k**3 - k**2 - 4*k - 2. Calculate m(-1).
-150
Let j(q) = q**3 - 13*q**2 - 2*q + 31. What is j(13)?
5
Let b(f) = f**2 - 7*f + 4. Give b(7).
4
Let d(w) = -2*w**3 - 6*w**2. Calculate d(-4).
32
Let r(i) = -2*i**3 + 3*i - 1. What is r(3)?
-46
Let g(j) = -j**2 + 12*j + 6. Give g(7).
41
Let h(f) = -f**3 - 7*f**2 - 5*f + 3. What is h(-6)?
-3
Let r(m) = m**3 + 14*m**2 + 17. Determine r(-14).
17
Let l(r) = -2*r**3 + 28*r**2 + 30*r - 8. Give l(15).
-8
Let o(h) = 28*h**2 - h. Give o(1).
27
Let q(u) = -u**3 + 6*u**2 - 7. Determine q(6).
-7
Let g(u) = u**3 - 9*u**2 + 6*u + 3. What is g(8)?
-13
Let w(a) = 27*a. Calculate w(-1).
-27
Let m(p) = -p**3 + 6*p**2 + 7*p - 14. Calculate m(6).
28
Let m(u) = -u**2 - 15*u + 43. What is m(-17)?
9
Let t(f) = 37*f**2 - 2*f + 1. Calculate t(1).
36
Let g(c) = -10*c + 15. Calculate g(2).
-5
Let b(y) = y**3 + 8*y**2 + 16*y + 14. What is b(-5)?
9
Let w(d) = -22*d - 1. Determine w(3).
-67
Let b(i) = 30*i - 248. What is b(9)?
22
Let y(b) = -b**2 - 35*b - 66. Calculate y(-33).
0
Let p(h) = h**2 + 17*h + 42. Determine p(-14).
0
Let n(o) = -3*o**2 - 71*o + 21. Calculate n(-24).
-3
Let s(z) = z**2 + 14*z - 23. Calculate s(-17).
28
Let o(y) = y**3 - 6*y**2 - 7*y + 2. What is o(7)?
2
Let y(a) = -a - 20. What is y(-4)?
-16
Let l(a) = a + 2. Calculate l(13).
15
Let i(z) = -2*z + 13. Calculate i(15).
-17
Let b(d) = -2*d - 33. What is b(-15)?
-3
Let j(g) = -11*g + 65. Determine j(6).
-1
Let a(c) = c**2 + 3*c + 7. Give a(-7).
35
Let q(n) = -n**2 - 2*n + 7. Determine q(3).
-8
Let g(s) = 3*s + 2. What is g(-6)?
-16
Let t(i) = -34*i - 3. What is t(-1)?
31
Let b(j) = -j**2 + 3*j + 5. What is b(5)?
-5
Let n(c) = -5*c**3 - 2*c**2 - c + 2. Determine n(1).
-6
Let f(q) = q**2 - 7*q + 11. Give f(2).
1
Let o(t) = 8*t - 16. Calculate o(-8).
-80
Let p(x) = 2*x - 4. Calculate p(15).
26
Let k(y) = -y**2 + 12*y - 15. Calculate k(7).
20
Let u(v) = -v**2 - 78*v - 82. What is u(-77)?
-5
Let n(w) = 2*w + 4. Calculate n(-3).
-2
Let a(m) = -m - 15. Give a(8).
-23
Let l(j) = -j**2 - 11*j - 1. What is l(-10)?
9
Let m(n) = 2*n**2 - 44*n + 235. What is m(11)?
-7
Let y(k) = -k**2 + 3*k + 5. Calculate y(6).
-13
Let j(b) = -b**2 - 7*b - 1. Calculate j(-7).
-1
Let d(r) = -r**3 - 13*r**2 - 14*r - 30. Give d(-12).
-6
Let g(h) = -9*h + 192. What is g(21)?
3
Let d(b) = b**3 - 12*b + 14. Determine d(3).
5
Let f(p) = 9*p - 65. Determine f(5).
-20
Let v(q) = -q**3 + 4*q**2 - 5*q + 9. Determine v(3).
3
Let r(o) = 3*o**3 + 12*o**2 + 2*o - 6. Determine r(-4).
-14
Let k(p) = -10*p**3 + 6*p**2 + 9*p + 3. What is k(-1)?
10
Let z(i) = i**3 - 7*i**2. Give z(7).
0
Let p(d) = 35*d**2 - 22*d + 22. What is p(1)?
35
Let y(w) = 10*w + 2. What is y(3)?
32
Let n(g) = -g**3 + 8*g**2 - 13*g - 3. Give n(5).
7
Let p(h) = 24*h - 496. Determine p(20).
-16
Let g(f) = -6*f + 25. Calculate g(6).
-11
Let l(w) = 2*w**3 + 11*w**2 - 5*w + 4. Give l(-6).
-2
Let v(r) = r**2 + 11*r - 51. Calculate v(-16).
29
Let z(f) = -f**3 + 23*f - 9. Calculate z(5).
-19
Let v(n) = -2*n - 6. What is v(6)?
-18
Let x(k) = -4*k**3 - 2*k**2 + 1. Calculate x(1).
-5
Let p(l) = l**3 + 3*l**2 - 6*l + 7. Give p(-5).
-13
Let h(r) = -20*r**2 - 2*r - 2. Calculate h(-1).
-20
Let j(h) = -h**2 + 11*h + 2. Calculate j(9).
20
Let m(v) = v**3 + 7*v**2 + 9*v - 2. What is m(-7)?
-65
Let m(l) = -l - 3. Calculate m(-1).
-2
Let q(z) = 5*z**2 - 3*z + 13. Calculate q(5).
123
Let n(a) = -a - 4. Determine n(-11).
7
Let j(c) = -3*c + 21. Give j(6).
3
Let k(n) = -9*n**3 - 4*n**2 + 4*n - 2. Calculate k(2).
-82
Let h(z) = z - 13. What is h(21)?
8
Let l(y) = 6*y + 50. What is l(-14)?
-34
Let l(p) = 3*p + 10. What is l(7)?
31
Let i(a) = -a**3 + 8*a**2 + 5*a + 2. Give i(8).
42
Let w(f) = f**3 + 2*f**2 + 4*f + 1. What is w(-3)?
-20
Let o(m) = m**3 - 9*m**2 + 58*m - 300. Determine o(7).
8
Let j(w) = 43*w + 1625. What is j(-38)?
-9
Let q(n) = -n**3 - 5*n**2 + 7*n + 16. Calculate q(-6).
10
Let p(v) = 2*v**2 - 12*v + 31. Determine p(7).
45
Let z(v) = -v**2 - 17*v - 112. Determine z(-12).
-52
Let c(f) = -4*f + 4. Determine c(-5).
24
Let i(l) = -4*l - 4. Determine i(-4).
12
Let p(b) = -23*b - 11. Give p(8).
-195
Let h(b) = 26*b - 208. Calculate h(8).
0
Let w(v) = v**3 + 5*v**2 + 9*v + 6. Determine w(-4).
-14
Let x(z) = -z**3 + 6*z**2 + 2*z - 9. Determine x(6).
3
Let s(x) = -x**2 + 4*x + 12. What is s(5)?
7
Let m(g) = g + 2. What is m(10)?
12
Let p(r) = -r**3 - 12*r**2 - 10*r + 10. Determine p(-11).
-1
Let t(l) = -22*l - 585. What is t(-27)?
9
Let c(p) = p**2 + 32*p + 170. Determine c(-28).
58
Let c(d) = -d**3 + 4*d**2 - 1. What is c(4)?
-1
Let c(z) = 3*z**2 + 8*z - 16. What is c(-7)?
75
Let u(l) = l**3 + 12*l**2 + 8*l - 44. What is u(-11)?
-11
Let z(r) = 34*r - 134. What is z(4)?
2
Let y(d) = -6*d + 3. Calculate y(0).
3
Let k(x) = 4*x**2 - 41*x - 5. Determine k(9).
-50
Let j(d) = -11*d**2. Determine j(1).
-11
Let d(w) = w**3 - w**2 + w + 3. Determine d(0).
3
Let q(r) = -r**3 - 6*r**2 - 2*r - 5. What is q(-6)?
7
Let i(f) = -20*f + 959. Calculate i(48).
-1
Let x(h) = h + 6. What is x(2)?
8
Let h(g) = 2*g**2 - 57*g + 325. What is h(21)?
10
Let y(g) = -7*g - 142. Calculate y(-20).
-2
Let n(q) = q**3 - 14*q**2 + 13*q + 11. What is n(13)?
11
Let k(p) = p**2 - 5*p + 2. Give k(4).
-2
Let i(v) = -v + 23. Determine i(32).
-9
Let r(z) = 59*z + 55. Calculate r(-3).
-122
Let y(l) = l**2 + 15*l + 14. Give y(-14).
0
Let z(p) = -p**3 - 9*p**2 + 12*p + 11. What is z(-10)?
-9
Let o(t) = -9*t + 57. What is o(7)?
-6
Let d(s) = s + 40. Calculate d(-28).
12
Let k(a) = -2*a**3 + a**2 + 2*a + 2. What is k(3)?
-37
Let a(l) = l**2 + 16*l - 1. Determine a(-18).
35
Let m(c) = -2*c + 8. Calculate m(3).
2
Let x(n) = n**3 + 9*n**2 - 6*n + 20. Determine x(-10).
-20
Let o(g) = -57*g - 186. What is o(-3)?
-15
Let d(t) = 10*t + 2. Determine d(-4).
-38
Let g(r) = -r**2 + 20*r - 22. What is g(12)?
74
Let r(t) = -t**3 + 3*t**2 - 7*t + 19. Calculate r(3).
-2
Let k(t) = 2*t**2 - 103*t + 54. What is k(51)?
3
Let g(j) = -j**3 + 2*j**2 + 4*j - 3. What is g(4)?
-19
Let x(c) = -c**2 - 5*c + 92. Calculate x(7).
8
Let q(d) = d**2 + 12*d + 28. Give q(-7).
-7
Let j(p) = p + 4. What is j(-3)?
1
Let w(a) = -a**3 - 14*a**2 - 11*a - 23. What is w(-14)?
131
Let h(f) = -f**2 - 5*f + 1. What is h(-8)?
-23
Let i(s) = s**2 - 34. Give i(-6).
2
Let r(m) = -m**3 + 17*m**2 - 14*m - 24. What is r(16)?
8
Let m(i) = -2*i - 50. Determine m(-21).
-8
Let q(k) = k + 16. Determine q(-8).
8
Let x(n) = 16*n + 18. Determin